{"id":113,"date":"2020-06-20T18:25:18","date_gmt":"2020-06-20T18:25:18","guid":{"rendered":"https:\/\/bridge374.qodeinteractive.com\/?page_id=113"},"modified":"2022-10-11T18:33:16","modified_gmt":"2022-10-11T18:33:16","slug":"nous","status":"publish","type":"page","link":"https:\/\/epilationax.com\/index.php\/nous\/","title":{"rendered":"Nous"},"content":{"rendered":"\t\t<div data-elementor-type=\"wp-page\" data-elementor-id=\"113\" class=\"elementor elementor-113\">\n\t\t\t\t\t\t<section class=\"elementor-section elementor-top-section elementor-element elementor-element-60e7c1d5 elementor-section-full_width elementor-section-height-default elementor-section-height-default parallax_section_no qode_elementor_container_no\" data-id=\"60e7c1d5\" data-element_type=\"section\" data-e-type=\"section\" data-settings=\"{&quot;background_background&quot;:&quot;classic&quot;}\">\n\t\t\t\t\t\t<div class=\"elementor-container elementor-column-gap-default\">\n\t\t\t\t\t<div class=\"elementor-column elementor-col-100 elementor-top-column elementor-element elementor-element-94d89fd\" data-id=\"94d89fd\" data-element_type=\"column\" data-e-type=\"column\">\n\t\t\t<div class=\"elementor-widget-wrap elementor-element-populated\">\n\t\t\t\t\t\t<div class=\"elementor-element elementor-element-29c54b42 elementor-widget elementor-widget-image\" data-id=\"29c54b42\" data-element_type=\"widget\" data-e-type=\"widget\" data-widget_type=\"image.default\">\n\t\t\t\t<div class=\"elementor-widget-container\">\n\t\t\t\t\t\t\t\t\t\t\t\t\t\t\t<img decoding=\"async\" src=\"http:\/\/epilationax.com\/wp-content\/uploads\/2020\/06\/section-1-image-1.png\" title=\"\" alt=\"\" loading=\"lazy\" \/>\t\t\t\t\t\t\t\t\t\t\t\t\t\t\t<\/div>\n\t\t\t\t<\/div>\n\t\t\t\t<div class=\"elementor-element elementor-element-49861eb elementor-widget elementor-widget-spacer\" data-id=\"49861eb\" data-element_type=\"widget\" data-e-type=\"widget\" data-widget_type=\"spacer.default\">\n\t\t\t\t<div class=\"elementor-widget-container\">\n\t\t\t\t\t\t\t<div class=\"elementor-spacer\">\n\t\t\t<div class=\"elementor-spacer-inner\"><\/div>\n\t\t<\/div>\n\t\t\t\t\t\t<\/div>\n\t\t\t\t<\/div>\n\t\t\t\t<div class=\"elementor-element elementor-element-4e2e59ae elementor-widget elementor-widget-heading\" data-id=\"4e2e59ae\" data-element_type=\"widget\" data-e-type=\"widget\" data-widget_type=\"heading.default\">\n\t\t\t\t<div class=\"elementor-widget-container\">\n\t\t\t\t\t<h3 class=\"elementor-heading-title elementor-size-default\">Cliinique Dr. Muniz<\/h3>\t\t\t\t<\/div>\n\t\t\t\t<\/div>\n\t\t\t\t<div class=\"elementor-element elementor-element-68f4a472 elementor-widget elementor-widget-spacer\" data-id=\"68f4a472\" data-element_type=\"widget\" data-e-type=\"widget\" data-widget_type=\"spacer.default\">\n\t\t\t\t<div class=\"elementor-widget-container\">\n\t\t\t\t\t\t\t<div class=\"elementor-spacer\">\n\t\t\t<div class=\"elementor-spacer-inner\"><\/div>\n\t\t<\/div>\n\t\t\t\t\t\t<\/div>\n\t\t\t\t<\/div>\n\t\t\t\t<div class=\"elementor-element elementor-element-6fb95d13 elementor-widget elementor-widget-heading\" data-id=\"6fb95d13\" data-element_type=\"widget\" data-e-type=\"widget\" data-widget_type=\"heading.default\">\n\t\t\t\t<div class=\"elementor-widget-container\">\n\t\t\t\t\t<h5 class=\"elementor-heading-title elementor-size-default\">Nous aimons savoir que vous souhaitez en savoir un peu plus sur nous.\n\nNous sommes une \u00e9quipe de professionnels avec plus de 15 ans d'exp\u00e9rience dans le domaine esth\u00e9tique, orient\u00e9s \u00e0 travailler avec l'excellence et des normes de qualit\u00e9 \u00e9lev\u00e9es.\n\nLa sant\u00e9 et la s\u00e9curit\u00e9 de nos clients ont toujours \u00e9t\u00e9 et seront une priorit\u00e9.\n\n\n\u00c0 la Clinique Dr. Muniz, nous nous caract\u00e9risons par le professionnalisme, l'excellence, la responsabilit\u00e9, la passion et l'engagement avec lesquels nous effectuons notre travail.<\/h5>\t\t\t\t<\/div>\n\t\t\t\t<\/div>\n\t\t\t\t<div class=\"elementor-element elementor-element-958bcb7 elementor-widget elementor-widget-spacer\" data-id=\"958bcb7\" data-element_type=\"widget\" data-e-type=\"widget\" data-widget_type=\"spacer.default\">\n\t\t\t\t<div class=\"elementor-widget-container\">\n\t\t\t\t\t\t\t<div class=\"elementor-spacer\">\n\t\t\t<div class=\"elementor-spacer-inner\"><\/div>\n\t\t<\/div>\n\t\t\t\t\t\t<\/div>\n\t\t\t\t<\/div>\n\t\t\t\t\t<\/div>\n\t\t<\/div>\n\t\t\t\t\t<\/div>\n\t\t<\/section>\n\t\t\t\t<section style=\"background-image: url(http:\/\/epilationax.com\/wp-content\/uploads\/2021\/12\/Sala-de-espera-vip.jpg);\" class=\"parallax_section_holder elementor-section elementor-top-section elementor-element elementor-element-7462a72e elementor-section-full_width parallax_section_holder elementor-section-height-default elementor-section-height-default qode_elementor_container_no\" data-speed=\"0\" data-id=\"7462a72e\" data-element_type=\"section\" data-e-type=\"section\" data-settings=\"{&quot;background_background&quot;:&quot;classic&quot;,&quot;qode_parallax_image&quot;:{&quot;url&quot;:&quot;http:\\\/\\\/epilationax.com\\\/wp-content\\\/uploads\\\/2021\\\/12\\\/Sala-de-espera-vip.jpg&quot;,&quot;id&quot;:293,&quot;size&quot;:&quot;&quot;,&quot;alt&quot;:&quot;&quot;,&quot;source&quot;:&quot;library&quot;}}\">\n\t\t\t\t\t\t<div class=\"elementor-container elementor-column-gap-default\">\n\t\t\t\t\t<div class=\"elementor-column elementor-col-100 elementor-top-column elementor-element elementor-element-bfa2166\" data-id=\"bfa2166\" data-element_type=\"column\" data-e-type=\"column\">\n\t\t\t<div class=\"elementor-widget-wrap elementor-element-populated\">\n\t\t\t\t\t\t<div class=\"elementor-element elementor-element-671ba528 elementor-widget elementor-widget-heading\" data-id=\"671ba528\" data-element_type=\"widget\" data-e-type=\"widget\" data-widget_type=\"heading.default\">\n\t\t\t\t<div class=\"elementor-widget-container\">\n\t\t\t\t\t<h6 class=\"elementor-heading-title elementor-size-default\">\u00c9crivez-nous \u00e0<\/h6>\t\t\t\t<\/div>\n\t\t\t\t<\/div>\n\t\t\t\t<div class=\"elementor-element elementor-element-669009f4 elementor-widget elementor-widget-spacer\" data-id=\"669009f4\" data-element_type=\"widget\" data-e-type=\"widget\" data-widget_type=\"spacer.default\">\n\t\t\t\t<div class=\"elementor-widget-container\">\n\t\t\t\t\t\t\t<div class=\"elementor-spacer\">\n\t\t\t<div class=\"elementor-spacer-inner\"><\/div>\n\t\t<\/div>\n\t\t\t\t\t\t<\/div>\n\t\t\t\t<\/div>\n\t\t\t\t<div class=\"elementor-element elementor-element-89ce944 elementor-widget elementor-widget-heading\" data-id=\"89ce944\" data-element_type=\"widget\" data-e-type=\"widget\" data-widget_type=\"heading.default\">\n\t\t\t\t<div class=\"elementor-widget-container\">\n\t\t\t\t\t<h2 class=\"elementor-heading-title elementor-size-xxl\"><a href=\"https:\/\/wa.me\/33659961466\">+33 6 59 96 14 66<\/a><\/h2>\t\t\t\t<\/div>\n\t\t\t\t<\/div>\n\t\t\t\t<div class=\"elementor-element elementor-element-1d60225f elementor-widget elementor-widget-spacer\" data-id=\"1d60225f\" data-element_type=\"widget\" data-e-type=\"widget\" data-widget_type=\"spacer.default\">\n\t\t\t\t<div class=\"elementor-widget-container\">\n\t\t\t\t\t\t\t<div class=\"elementor-spacer\">\n\t\t\t<div class=\"elementor-spacer-inner\"><\/div>\n\t\t<\/div>\n\t\t\t\t\t\t<\/div>\n\t\t\t\t<\/div>\n\t\t\t\t<div class=\"elementor-element elementor-element-5794bf96 elementor-widget elementor-widget-text-editor\" data-id=\"5794bf96\" data-element_type=\"widget\" data-e-type=\"widget\" data-widget_type=\"text-editor.default\">\n\t\t\t\t<div class=\"elementor-widget-container\">\n\t\t\t\t\t\t\t\t\t<pre id=\"tw-target-text\" class=\"tw-data-text tw-text-large tw-ta\" dir=\"ltr\" data-placeholder=\"Traducci\u00f3n\"><span class=\"Y2IQFc\" lang=\"fr\">planifier votre rendez-vous<\/span><\/pre>\t\t\t\t\t\t\t\t<\/div>\n\t\t\t\t<\/div>\n\t\t\t\t<div class=\"elementor-element elementor-element-28482ccc elementor-widget elementor-widget-spacer\" data-id=\"28482ccc\" data-element_type=\"widget\" data-e-type=\"widget\" data-widget_type=\"spacer.default\">\n\t\t\t\t<div class=\"elementor-widget-container\">\n\t\t\t\t\t\t\t<div class=\"elementor-spacer\">\n\t\t\t<div class=\"elementor-spacer-inner\"><\/div>\n\t\t<\/div>\n\t\t\t\t\t\t<\/div>\n\t\t\t\t<\/div>\n\t\t\t\t<div class=\"elementor-element elementor-element-64c668c1 elementor-widget elementor-widget-bridge_button\" data-id=\"64c668c1\" data-element_type=\"widget\" data-e-type=\"widget\" data-widget_type=\"bridge_button.default\">\n\t\t\t\t<div class=\"elementor-widget-container\">\n\t\t\t\t\t<a  itemprop=\"url\" href=\"\" target=\"_self\"  class=\"qbutton  default\" style=\"\">read more<\/a>\t\t\t\t<\/div>\n\t\t\t\t<\/div>\n\t\t\t\t\t<\/div>\n\t\t<\/div>\n\t\t\t\t\t<\/div>\n\t\t<\/section>\n\t\t\t\t<section class=\"elementor-section elementor-top-section elementor-element elementor-element-19057ec5 elementor-section-full_width elementor-section-height-default elementor-section-height-default parallax_section_no qode_elementor_container_no\" data-id=\"19057ec5\" data-element_type=\"section\" data-e-type=\"section\" data-settings=\"{&quot;background_background&quot;:&quot;classic&quot;}\">\n\t\t\t\t\t\t<div class=\"elementor-container elementor-column-gap-default\">\n\t\t\t\t\t<div class=\"elementor-column elementor-col-100 elementor-top-column elementor-element elementor-element-28153d5f\" data-id=\"28153d5f\" data-element_type=\"column\" data-e-type=\"column\">\n\t\t\t<div class=\"elementor-widget-wrap elementor-element-populated\">\n\t\t\t\t\t\t<div class=\"elementor-element elementor-element-68918bed elementor-widget elementor-widget-image\" data-id=\"68918bed\" data-element_type=\"widget\" data-e-type=\"widget\" data-widget_type=\"image.default\">\n\t\t\t\t<div class=\"elementor-widget-container\">\n\t\t\t\t\t\t\t\t\t\t\t\t\t\t\t<img decoding=\"async\" src=\"http:\/\/epilationax.com\/wp-content\/uploads\/2020\/06\/section-1-image-1.png\" title=\"\" alt=\"\" loading=\"lazy\" \/>\t\t\t\t\t\t\t\t\t\t\t\t\t\t\t<\/div>\n\t\t\t\t<\/div>\n\t\t\t\t<div class=\"elementor-element elementor-element-86486b1 elementor-widget elementor-widget-spacer\" data-id=\"86486b1\" data-element_type=\"widget\" data-e-type=\"widget\" data-widget_type=\"spacer.default\">\n\t\t\t\t<div class=\"elementor-widget-container\">\n\t\t\t\t\t\t\t<div class=\"elementor-spacer\">\n\t\t\t<div class=\"elementor-spacer-inner\"><\/div>\n\t\t<\/div>\n\t\t\t\t\t\t<\/div>\n\t\t\t\t<\/div>\n\t\t\t\t<div class=\"elementor-element elementor-element-5ccea99f elementor-widget elementor-widget-heading\" data-id=\"5ccea99f\" data-element_type=\"widget\" data-e-type=\"widget\" data-widget_type=\"heading.default\">\n\t\t\t\t<div class=\"elementor-widget-container\">\n\t\t\t\t\t<h3 class=\"elementor-heading-title elementor-size-default\">Professional Team<\/h3>\t\t\t\t<\/div>\n\t\t\t\t<\/div>\n\t\t\t\t<div class=\"elementor-element elementor-element-56233ec elementor-widget elementor-widget-spacer\" data-id=\"56233ec\" data-element_type=\"widget\" data-e-type=\"widget\" data-widget_type=\"spacer.default\">\n\t\t\t\t<div class=\"elementor-widget-container\">\n\t\t\t\t\t\t\t<div class=\"elementor-spacer\">\n\t\t\t<div class=\"elementor-spacer-inner\"><\/div>\n\t\t<\/div>\n\t\t\t\t\t\t<\/div>\n\t\t\t\t<\/div>\n\t\t\t\t<div class=\"elementor-element elementor-element-2fe24296 elementor-widget elementor-widget-heading\" data-id=\"2fe24296\" data-element_type=\"widget\" data-e-type=\"widget\" data-widget_type=\"heading.default\">\n\t\t\t\t<div class=\"elementor-widget-container\">\n\t\t\t\t\t<h5 class=\"elementor-heading-title elementor-size-default\">Lorem ipsum dolor sit amet, consectetur adipiscing elit, sed do eiusmod tempor incididunt ut labore et dolore magna aliqua. Ut enim ad minim veniam.<\/h5>\t\t\t\t<\/div>\n\t\t\t\t<\/div>\n\t\t\t\t<div class=\"elementor-element elementor-element-cb6f40 elementor-widget elementor-widget-spacer\" data-id=\"cb6f40\" data-element_type=\"widget\" data-e-type=\"widget\" data-widget_type=\"spacer.default\">\n\t\t\t\t<div class=\"elementor-widget-container\">\n\t\t\t\t\t\t\t<div class=\"elementor-spacer\">\n\t\t\t<div class=\"elementor-spacer-inner\"><\/div>\n\t\t<\/div>\n\t\t\t\t\t\t<\/div>\n\t\t\t\t<\/div>\n\t\t\t\t<section class=\"elementor-section elementor-inner-section elementor-element elementor-element-2896a281 elementor-section-full_width qode_elementor_container_inner elementor-section-height-default elementor-section-height-default parallax_section_no\" data-id=\"2896a281\" data-element_type=\"section\" data-e-type=\"section\">\n\t\t\t\t\t\t<div class=\"elementor-container elementor-column-gap-default\">\n\t\t\t\t\t<div class=\"elementor-column elementor-col-33 elementor-inner-column elementor-element elementor-element-420a869b\" data-id=\"420a869b\" data-element_type=\"column\" data-e-type=\"column\">\n\t\t\t<div class=\"elementor-widget-wrap elementor-element-populated\">\n\t\t\t\t\t\t<div class=\"elementor-element elementor-element-2af6c56b elementor-widget elementor-widget-bridge_team\" data-id=\"2af6c56b\" data-element_type=\"widget\" data-e-type=\"widget\" data-widget_type=\"bridge_team.default\">\n\t\t\t\t<div class=\"elementor-widget-container\">\n\t\t\t\t\t<div class='q_team' style='background-color:rgba(2, 1, 1, 0);'><div class='q_team_inner'><div class='q_team_image'><img itemprop='image' src='https:\/\/epilationax.com\/wp-content\/uploads\/2022\/01\/Vanessa-Kely-Wasilewski-2-e1642452802865.jpeg' alt='Vanessa Kely Wasilewski (2)' \/><\/div><div class='q_team_text' ><div class='q_team_text_inner'><div class='q_team_title_holder'><h4 class='q_team_name' style = ''>Vanessa Kely Wasilewski<\/h4><span style = ''>sp\u00e9cialiste<\/span><\/div><\/div><div class='q_team_social_holder'><\/div><\/div><\/div><\/div>\t\t\t\t<\/div>\n\t\t\t\t<\/div>\n\t\t\t\t<div class=\"elementor-element elementor-element-dd88acb elementor-widget elementor-widget-spacer\" data-id=\"dd88acb\" data-element_type=\"widget\" data-e-type=\"widget\" data-widget_type=\"spacer.default\">\n\t\t\t\t<div class=\"elementor-widget-container\">\n\t\t\t\t\t\t\t<div class=\"elementor-spacer\">\n\t\t\t<div class=\"elementor-spacer-inner\"><\/div>\n\t\t<\/div>\n\t\t\t\t\t\t<\/div>\n\t\t\t\t<\/div>\n\t\t\t\t\t<\/div>\n\t\t<\/div>\n\t\t\t\t<div class=\"elementor-column elementor-col-33 elementor-inner-column elementor-element elementor-element-498a2fd\" data-id=\"498a2fd\" data-element_type=\"column\" data-e-type=\"column\">\n\t\t\t<div class=\"elementor-widget-wrap elementor-element-populated\">\n\t\t\t\t\t\t<div class=\"elementor-element elementor-element-15ee8496 elementor-widget elementor-widget-bridge_team\" data-id=\"15ee8496\" data-element_type=\"widget\" data-e-type=\"widget\" data-widget_type=\"bridge_team.default\">\n\t\t\t\t<div class=\"elementor-widget-container\">\n\t\t\t\t\t<div class='q_team' style='background-color:rgba(2, 1, 1, 0);'><div class='q_team_inner'><div class='q_team_image'><img itemprop='image' src='https:\/\/epilationax.com\/wp-content\/uploads\/2022\/01\/Pietra-Ribeiro.jpeg' alt='Pietra Ribeiro' \/><\/div><div class='q_team_text' ><div class='q_team_text_inner'><div class='q_team_title_holder'><h4 class='q_team_name' style = ''>Pietra Ribeiro<\/h4><span style = ''>sp\u00e9cialiste<\/span><\/div><\/div><div class='q_team_social_holder'><\/div><\/div><\/div><\/div>\t\t\t\t<\/div>\n\t\t\t\t<\/div>\n\t\t\t\t<div class=\"elementor-element elementor-element-66ce1da1 elementor-widget elementor-widget-spacer\" data-id=\"66ce1da1\" data-element_type=\"widget\" data-e-type=\"widget\" data-widget_type=\"spacer.default\">\n\t\t\t\t<div class=\"elementor-widget-container\">\n\t\t\t\t\t\t\t<div class=\"elementor-spacer\">\n\t\t\t<div class=\"elementor-spacer-inner\"><\/div>\n\t\t<\/div>\n\t\t\t\t\t\t<\/div>\n\t\t\t\t<\/div>\n\t\t\t\t\t<\/div>\n\t\t<\/div>\n\t\t\t\t<div class=\"elementor-column elementor-col-33 elementor-inner-column elementor-element elementor-element-247f93ed\" data-id=\"247f93ed\" data-element_type=\"column\" data-e-type=\"column\">\n\t\t\t<div class=\"elementor-widget-wrap elementor-element-populated\">\n\t\t\t\t\t\t<div class=\"elementor-element elementor-element-c3565b5 elementor-widget elementor-widget-bridge_team\" data-id=\"c3565b5\" data-element_type=\"widget\" data-e-type=\"widget\" data-widget_type=\"bridge_team.default\">\n\t\t\t\t<div class=\"elementor-widget-container\">\n\t\t\t\t\t<div class='q_team' style='background-color:rgba(2, 1, 1, 0);'><div class='q_team_inner'><div class='q_team_image'><img itemprop='image' src='https:\/\/epilationax.com\/wp-content\/uploads\/2022\/01\/Emilie-Jolie.jpeg' alt='\u00c9milie Jolie' \/><\/div><div class='q_team_text' ><div class='q_team_text_inner'><div class='q_team_title_holder'><h4 class='q_team_name' style = ''>\u00c9milie Jolie<\/h4><span style = ''>sp\u00e9cialiste<\/span><\/div><\/div><div class='q_team_social_holder'><\/div><\/div><\/div><\/div>\t\t\t\t<\/div>\n\t\t\t\t<\/div>\n\t\t\t\t<div class=\"elementor-element elementor-element-453923ec elementor-widget elementor-widget-spacer\" data-id=\"453923ec\" data-element_type=\"widget\" data-e-type=\"widget\" data-widget_type=\"spacer.default\">\n\t\t\t\t<div class=\"elementor-widget-container\">\n\t\t\t\t\t\t\t<div class=\"elementor-spacer\">\n\t\t\t<div class=\"elementor-spacer-inner\"><\/div>\n\t\t<\/div>\n\t\t\t\t\t\t<\/div>\n\t\t\t\t<\/div>\n\t\t\t\t\t<\/div>\n\t\t<\/div>\n\t\t\t\t\t<\/div>\n\t\t<\/section>\n\t\t\t\t\t<\/div>\n\t\t<\/div>\n\t\t\t\t\t<\/div>\n\t\t<\/section>\n\t\t\t\t<section class=\"elementor-section elementor-top-section elementor-element elementor-element-367ee145 elementor-section-full_width elementor-section-height-default elementor-section-height-default parallax_section_no qode_elementor_container_no\" data-id=\"367ee145\" data-element_type=\"section\" data-e-type=\"section\">\n\t\t\t\t\t\t<div class=\"elementor-container elementor-column-gap-default\">\n\t\t\t\t\t<div class=\"elementor-column elementor-col-100 elementor-top-column elementor-element elementor-element-21a968e8\" data-id=\"21a968e8\" data-element_type=\"column\" data-e-type=\"column\">\n\t\t\t<div class=\"elementor-widget-wrap elementor-element-populated\">\n\t\t\t\t\t\t<div class=\"elementor-element elementor-element-47ab69d3 elementor-widget elementor-widget-wp-widget-qode_instagram_widget\" data-id=\"47ab69d3\" data-element_type=\"widget\" data-e-type=\"widget\" data-widget_type=\"wp-widget-qode_instagram_widget.default\">\n\t\t\t\t<div class=\"elementor-widget-container\">\n\t\t\t\t\t<h5><\/h5>\t\t\t\t<\/div>\n\t\t\t\t<\/div>\n\t\t\t\t\t<\/div>\n\t\t<\/div>\n\t\t\t\t\t<\/div>\n\t\t<\/section>\n\t\t\t\t<\/div>\n\t\t","protected":false},"excerpt":{"rendered":"<p>Cliinique Dr. Muniz Nous aimons savoir que vous souhaitez en savoir un peu plus sur nous. Nous sommes une \u00e9quipe de professionnels avec plus de 15 ans d&#8217;exp\u00e9rience dans le domaine esth\u00e9tique, orient\u00e9s \u00e0 travailler avec l&#8217;excellence et des normes de qualit\u00e9 \u00e9lev\u00e9es. La sant\u00e9&#8230;<\/p>\n","protected":false},"author":1,"featured_media":0,"parent":0,"menu_order":0,"comment_status":"closed","ping_status":"closed","template":"full_width.php","meta":{"om_disable_all_campaigns":false,"_monsterinsights_skip_tracking":false,"_monsterinsights_sitenote_active":false,"_monsterinsights_sitenote_note":"","_monsterinsights_sitenote_category":0,"_joinchat":[],"footnotes":""},"class_list":["post-113","page","type-page","status-publish","hentry"],"yoast_head":"<!-- This site is optimized with the Yoast SEO plugin v27.4 - https:\/\/yoast.com\/product\/yoast-seo-wordpress\/ -->\n<title>Nous - epilationax.com<\/title>\n<meta name=\"robots\" content=\"index, follow, max-snippet:-1, max-image-preview:large, max-video-preview:-1\" \/>\n<link rel=\"canonical\" href=\"https:\/\/epilationax.com\/index.php\/nous\/\" \/>\n<meta property=\"og:locale\" content=\"en_US\" \/>\n<meta property=\"og:type\" content=\"article\" \/>\n<meta property=\"og:title\" content=\"Nous - epilationax.com\" \/>\n<meta property=\"og:description\" content=\"Cliinique Dr. Muniz Nous aimons savoir que vous souhaitez en savoir un peu plus sur nous. Nous sommes une \u00e9quipe de professionnels avec plus de 15 ans d&#8217;exp\u00e9rience dans le domaine esth\u00e9tique, orient\u00e9s \u00e0 travailler avec l&#8217;excellence et des normes de qualit\u00e9 \u00e9lev\u00e9es. La sant\u00e9...\" \/>\n<meta property=\"og:url\" content=\"https:\/\/epilationax.com\/index.php\/nous\/\" \/>\n<meta property=\"og:site_name\" content=\"epilationax.com\" \/>\n<meta property=\"article:modified_time\" content=\"2022-10-11T18:33:16+00:00\" \/>\n<meta property=\"og:image\" content=\"http:\/\/epilationax.com\/wp-content\/uploads\/2020\/06\/section-1-image-1.png\" \/>\n<meta name=\"twitter:card\" content=\"summary_large_image\" \/>\n<meta name=\"twitter:label1\" content=\"Est. reading time\" \/>\n\t<meta name=\"twitter:data1\" content=\"2 minutes\" \/>\n<script type=\"application\/ld+json\" class=\"yoast-schema-graph\">{\"@context\":\"https:\\\/\\\/schema.org\",\"@graph\":[{\"@type\":\"WebPage\",\"@id\":\"https:\\\/\\\/epilationax.com\\\/index.php\\\/nous\\\/\",\"url\":\"https:\\\/\\\/epilationax.com\\\/index.php\\\/nous\\\/\",\"name\":\"Nous - epilationax.com\",\"isPartOf\":{\"@id\":\"https:\\\/\\\/epilationax.com\\\/#website\"},\"primaryImageOfPage\":{\"@id\":\"https:\\\/\\\/epilationax.com\\\/index.php\\\/nous\\\/#primaryimage\"},\"image\":{\"@id\":\"https:\\\/\\\/epilationax.com\\\/index.php\\\/nous\\\/#primaryimage\"},\"thumbnailUrl\":\"http:\\\/\\\/epilationax.com\\\/wp-content\\\/uploads\\\/2020\\\/06\\\/section-1-image-1.png\",\"datePublished\":\"2020-06-20T18:25:18+00:00\",\"dateModified\":\"2022-10-11T18:33:16+00:00\",\"breadcrumb\":{\"@id\":\"https:\\\/\\\/epilationax.com\\\/index.php\\\/nous\\\/#breadcrumb\"},\"inLanguage\":\"en-US\",\"potentialAction\":[{\"@type\":\"ReadAction\",\"target\":[\"https:\\\/\\\/epilationax.com\\\/index.php\\\/nous\\\/\"]}]},{\"@type\":\"ImageObject\",\"inLanguage\":\"en-US\",\"@id\":\"https:\\\/\\\/epilationax.com\\\/index.php\\\/nous\\\/#primaryimage\",\"url\":\"http:\\\/\\\/epilationax.com\\\/wp-content\\\/uploads\\\/2020\\\/06\\\/section-1-image-1.png\",\"contentUrl\":\"http:\\\/\\\/epilationax.com\\\/wp-content\\\/uploads\\\/2020\\\/06\\\/section-1-image-1.png\"},{\"@type\":\"BreadcrumbList\",\"@id\":\"https:\\\/\\\/epilationax.com\\\/index.php\\\/nous\\\/#breadcrumb\",\"itemListElement\":[{\"@type\":\"ListItem\",\"position\":1,\"name\":\"Home\",\"item\":\"https:\\\/\\\/epilationax.com\\\/\"},{\"@type\":\"ListItem\",\"position\":2,\"name\":\"Nous\"}]},{\"@type\":\"WebSite\",\"@id\":\"https:\\\/\\\/epilationax.com\\\/#website\",\"url\":\"https:\\\/\\\/epilationax.com\\\/\",\"name\":\"epilationax.com\",\"description\":\"Professionnels de l&#039;\u00e9pilation\",\"potentialAction\":[{\"@type\":\"SearchAction\",\"target\":{\"@type\":\"EntryPoint\",\"urlTemplate\":\"https:\\\/\\\/epilationax.com\\\/?s={search_term_string}\"},\"query-input\":{\"@type\":\"PropertyValueSpecification\",\"valueRequired\":true,\"valueName\":\"search_term_string\"}}],\"inLanguage\":\"en-US\"}]}<\/script>\n<!-- \/ Yoast SEO plugin. -->","yoast_head_json":{"title":"Nous - epilationax.com","robots":{"index":"index","follow":"follow","max-snippet":"max-snippet:-1","max-image-preview":"max-image-preview:large","max-video-preview":"max-video-preview:-1"},"canonical":"https:\/\/epilationax.com\/index.php\/nous\/","og_locale":"en_US","og_type":"article","og_title":"Nous - epilationax.com","og_description":"Cliinique Dr. Muniz Nous aimons savoir que vous souhaitez en savoir un peu plus sur nous. Nous sommes une \u00e9quipe de professionnels avec plus de 15 ans d&#8217;exp\u00e9rience dans le domaine esth\u00e9tique, orient\u00e9s \u00e0 travailler avec l&#8217;excellence et des normes de qualit\u00e9 \u00e9lev\u00e9es. La sant\u00e9...","og_url":"https:\/\/epilationax.com\/index.php\/nous\/","og_site_name":"epilationax.com","article_modified_time":"2022-10-11T18:33:16+00:00","og_image":[{"url":"http:\/\/epilationax.com\/wp-content\/uploads\/2020\/06\/section-1-image-1.png","type":"","width":"","height":""}],"twitter_card":"summary_large_image","twitter_misc":{"Est. reading time":"2 minutes"},"schema":{"@context":"https:\/\/schema.org","@graph":[{"@type":"WebPage","@id":"https:\/\/epilationax.com\/index.php\/nous\/","url":"https:\/\/epilationax.com\/index.php\/nous\/","name":"Nous - epilationax.com","isPartOf":{"@id":"https:\/\/epilationax.com\/#website"},"primaryImageOfPage":{"@id":"https:\/\/epilationax.com\/index.php\/nous\/#primaryimage"},"image":{"@id":"https:\/\/epilationax.com\/index.php\/nous\/#primaryimage"},"thumbnailUrl":"http:\/\/epilationax.com\/wp-content\/uploads\/2020\/06\/section-1-image-1.png","datePublished":"2020-06-20T18:25:18+00:00","dateModified":"2022-10-11T18:33:16+00:00","breadcrumb":{"@id":"https:\/\/epilationax.com\/index.php\/nous\/#breadcrumb"},"inLanguage":"en-US","potentialAction":[{"@type":"ReadAction","target":["https:\/\/epilationax.com\/index.php\/nous\/"]}]},{"@type":"ImageObject","inLanguage":"en-US","@id":"https:\/\/epilationax.com\/index.php\/nous\/#primaryimage","url":"http:\/\/epilationax.com\/wp-content\/uploads\/2020\/06\/section-1-image-1.png","contentUrl":"http:\/\/epilationax.com\/wp-content\/uploads\/2020\/06\/section-1-image-1.png"},{"@type":"BreadcrumbList","@id":"https:\/\/epilationax.com\/index.php\/nous\/#breadcrumb","itemListElement":[{"@type":"ListItem","position":1,"name":"Home","item":"https:\/\/epilationax.com\/"},{"@type":"ListItem","position":2,"name":"Nous"}]},{"@type":"WebSite","@id":"https:\/\/epilationax.com\/#website","url":"https:\/\/epilationax.com\/","name":"epilationax.com","description":"Professionnels de l&#039;\u00e9pilation","potentialAction":[{"@type":"SearchAction","target":{"@type":"EntryPoint","urlTemplate":"https:\/\/epilationax.com\/?s={search_term_string}"},"query-input":{"@type":"PropertyValueSpecification","valueRequired":true,"valueName":"search_term_string"}}],"inLanguage":"en-US"}]}},"_links":{"self":[{"href":"https:\/\/epilationax.com\/index.php\/wp-json\/wp\/v2\/pages\/113","targetHints":{"allow":["GET"]}}],"collection":[{"href":"https:\/\/epilationax.com\/index.php\/wp-json\/wp\/v2\/pages"}],"about":[{"href":"https:\/\/epilationax.com\/index.php\/wp-json\/wp\/v2\/types\/page"}],"author":[{"embeddable":true,"href":"https:\/\/epilationax.com\/index.php\/wp-json\/wp\/v2\/users\/1"}],"replies":[{"embeddable":true,"href":"https:\/\/epilationax.com\/index.php\/wp-json\/wp\/v2\/comments?post=113"}],"version-history":[{"count":30,"href":"https:\/\/epilationax.com\/index.php\/wp-json\/wp\/v2\/pages\/113\/revisions"}],"predecessor-version":[{"id":624,"href":"https:\/\/epilationax.com\/index.php\/wp-json\/wp\/v2\/pages\/113\/revisions\/624"}],"wp:attachment":[{"href":"https:\/\/epilationax.com\/index.php\/wp-json\/wp\/v2\/media?parent=113"}],"curies":[{"name":"wp","href":"https:\/\/api.w.org\/{rel}","templated":true}]}}